 b(3).
-164
Let p(g) = 4*g - 20. Give p(5).
0
Let c(s) = -s + 22. Calculate c(-13).
35
Let d(m) = m**3 - 14*m**2 - 34*m + 41. What is d(16)?
9
Let a(p) = -p**2 + 6*p - 7. Determine a(7).
-14
Let o(p) = -3*p + 25. Determine o(-20).
85
Let s(k) = -16*k. Give s(3).
-48
Let f(j) = 26*j + 1. What is f(-2)?
-51
Let x(b) = 2*b**2 + 22*b + 25. Give x(-10).
5
Let m(c) = -c**2 + 3*c - 33. Calculate m(4).
-37
Let u(w) = -3*w + 2. What is u(-1)?
5
Let t(a) = -a**2 - 3*a - 3. Give t(-1).
-1
Let t(f) = 2*f - 3. Calculate t(5).
7
Let x(h) = -5*h**2 - 2*h - 1. Give x(-1).
-4
Let j(q) = 2*q - 38. Calculate j(25).
12
Let n(h) = -36*h**3 - h**2. Calculate n(1).
-37
Let s(k) = k**2 + 3*k - 72. Determine s(0).
-72
Let m(r) = -7*r**3 - r**2 + r + 1. Determine m(-1).
6
Let m(d) = -d**3 - 7*d**2 + 28*d + 188. Determine m(-7).
-8
Let o(p) = -2*p**2 + 34*p - 31. Determine o(16).
1
Let z(x) = x**2 + 2*x - 2. Calculate z(5).
33
Let h(k) = -2*k**2 - 6*k - 4. Give h(-4).
-12
Let j(g) = -g**2 + 15*g - 50. Determine j(11).
-6
Let q(p) = 8*p - 106. Determine q(14).
6
Let s(r) = 5*r**2 + 6*r - 1. Determine s(-4).
55
Let a(f) = -37*f - 3. What is a(-1)?
34
Let a(o) = o**3 + 5*o**2 + o - 6. Determine a(-4).
6
Let o(i) = -i**3 - 5*i**2 - 2*i - 2. What is o(-5)?
8
Let i(x) = x**3 + 21*x**2 + 5*x + 88. Give i(-21).
-17
Let u(a) = -a**2 - 8*a. Give u(-8).
0
Let v(m) = 2*m**3 + 11*m**2 - 20*m - 1. Give v(-7).
-8
Let t(r) = -r + 5. Calculate t(8).
-3
Let j(q) = 6*q - 30. What is j(9)?
24
Let h(v) = v - 1. Give h(-17).
-18
Let o(s) = 4*s + 6. Determine o(1).
10
Let b(y) = 19*y**2 + 2*y + 2. Determine b(3).
179
Let y(v) = v**3 + 14*v**2 - 8*v - 4. What is y(-14)?
108
Let n(t) = -t**2 + 9*t + 14. Give n(11).
-8
Let o(w) = w**3 + 11*w**2 + 4*w + 8. What is o(-11)?
-36
Let z(p) = -p**3 + 4*p**2 + 6*p + 7. Determine z(5).
12
Let j(d) = 2*d**3 - 26*d**2 - d - 18. Give j(13).
-31
Let n(i) = -i**2 - 11*i - 27. What is n(-7)?
1
Let l(k) = -k**2 - 10*k + 2. Calculate l(-9).
11
Let v(c) = c + 6. What is v(-18)?
-12
Let a(b) = 9*b - 45. What is a(6)?
9
Let c(y) = y + 1. What is c(5)?
6
Let a(z) = 3*z - 15. Give a(5).
0
Let g(r) = 7*r - 146. Give g(21).
1
Let y(d) = d**3 + 18*d**2 + 16*d - 37. Give y(-17).
-20
Let s(q) = -q**3 - 7*q**2 + q + 4. Give s(-6).
-38
Let m(t) = 31*t - 406. Calculate m(13).
-3
Let x(q) = -27*q - 208. Give x(-8).
8
Let u(x) = 2*x + 10. Give u(-5).
0
Let s(o) = -o**2 + 11*o + 132. What is s(-7)?
6
Let c(p) = p**3 + 15*p**2 + 50*p + 18. Give c(-4).
-6
Let y(a) = -5*a - 61. Determine y(-11).
-6
Let c(h) = h**3 + 3*h - 5. What is c(2)?
9
Let k(q) = -q**3 - 5*q**2 - 5. Give k(-5).
-5
Let p(m) = m - 4. Give p(5).
1
Let b(o) = 2*o**3 + 7*o**2 - 11*o - 8. Give b(-5).
-28
Let u(l) = -l + 7. Determine u(2).
5
Let n(m) = m**3 - 7*m**2 + 3*m + 10. Give n(6).
-8
Let f(s) = -s**3 + 8*s**2 - 9*s + 7. Give f(6).
25
Let s(i) = i**3 - 12*i**2 + i - 15. Determine s(12).
-3
Let n(b) = -b**3 + b - 40. Give n(0).
-40
Let x(s) = 3*s + 4. Determine x(-3).
-5
Let z(a) = a**3 - 9*a**2 - 15*a + 13. Determine z(10).
-37
Let g(w) = -2*w**3 - 2*w**2 + 4*w - 2. What is g(-4)?
78
Let o(j) = -2*j**3 - 13*j**2 + 5*j + 7. Calculate o(-8).
159
Let k(t) = -2*t**2 - 21*t + 18. Calculate k(-11).
7
Let d(p) = 3*p**2 + 10*p + 1. Calculate d(-7).
78
Let h(r) = 91*r**3 - r. What is h(1)?
90
Let a(l) = 3*l + 91. Calculate a(-30).
1
Let d(u) = -4*u**2 - 6*u + 9. Give d(5).
-121
Let o(k) = -k**2 + 6*k + 7. What is o(-6)?
-65
Let n(c) = 5*c + 19. What is n(-8)?
-21
Let i(d) = 3*d**3 - d**2 - 5*d + 5. What is i(2)?
15
Let j(c) = -3*c - 14. Calculate j(-6).
4
Let k(z) = z**2 + 4*z - 1. What is k(-4)?
-1
Let b(a) = -a + 3. Give b(5).
-2
Let s(i) = i**2 + 18*i + 108. Give s(-11).
31
Let m(z) = z**3 - 32*z**2 - z + 45. Calculate m(32).
13
Let w(v) = v**2 + 14*v + 5. Give w(-7).
-44
Let o(i) = i**3 - 8*i**2 - 73. Give o(9).
8
Let s(h) = -h**2 - 17*h - 6. Give s(-17).
-6
Let x(i) = -9*i + 32. What is x(4)?
-4
Let n(p) = p - 24. What is n(5)?
-19
Let x(b) = -2*b**2 - 17*b - 7. Calculate x(-7).
14
Let x(k) = -k**2 - 7*k + 4. Give x(-4).
16
Let u(p) = p**3 + 2*p - 5. Determine u(3).
28
Let f(t) = 3*t**2 - 2*t - 44. Calculate f(0).
-44
Let p(z) = z**2 - 10*z + 21. Give p(7).
0
Let k(u) = u**3 - 4*u**2 + 5*u - 10. What is k(4)?
10
Let g(a) = -34*a + 160. Determine g(6).
-44
Let q(y) = -2*y - 29. Determine q(-6).
-17
Let u(s) = 2*s**3 + 2*s - 6. Give u(-3).
-66
Let y(s) = -2*s**2 + 48*s - 156. Give y(20).
4
Let w(o) = o**2 + 25*o - 47. Calculate w(-26).
-21
Let s(t) = -t**3 - 16. Determine s(0).
-16
Let a(h) = -h**3 + 11*h**2 - 11*h + 32. Determine a(10).
22
Let f(q) = -q**3 + 4*q**2 + 32*q - 6. What is f(9)?
-123
Let t(y) = -2*y + 1. What is t(-8)?
17
Let a(c) = -c**2 - 3*c - 4. Give a(-7).
-32
Let g(v) = -v**3 + 29*v**2 - 29*v + 20. Determine g(28).
-8
Let v(z) = z + 10. Calculate v(-9).
1
Let i(b) = 2*b - 22. Determine i(5).
-12
Let t(i) = -i**2 - 11*i + 9. Give t(-12).
-3
Let u(r) = 2*r**2 - 36*r + 91. Calculate u(16).
27
Let x(c) = -56*c + 333. What is x(6)?
-3
Let a(z) = z**2 - 19*z - 5. What is a(19)?
-5
Let y(f) = f**2 + 54*f - 230. Determine y(-58).
2
Let f(r) = r**3 - r**2 - 3*r - 2. Calculate f(3).
7
Let h(t) = t**2 + 7*t + 12. Determine h(-6).
6
Let d(f) = -7*f + 59. Determine d(8).
3
Let f(y) = -y + 15. Give f(-12).
27
Let a(b) = b**3 - 4*b**2 - 14*b + 8. What is a(6)?
-4
Let q(t) = 40*t**2 + 2*t - 2. Determine q(1).
40
Let t(a) = -106*a - 13. Calculate t(-1).
93
Let z(i) = -i - 7. Determine z(-7).
0
Let x(h) = 2*h + 36. Give x(-14).
8
Let h(p) = p**3 + 3*p**2 + 15*p + 6. Calculate h(-5).
-119
Let b(a) = -a**3 - 8*a**2 + 6*a + 2. Give b(-7).
-89
Let s(l) = 4*l**2 + l - 7. Give s(-3).
26
Let v(n) = -7*n**3 - 2*n**2 + 3*n + 8. Determine v(-2).
50
Let m(r) = -r**3 - 4*r**2 - 11*r - 4. Give m(-4).
40
Let k(q) = 2*q**2 + 5*q + 6. Calculate k(-5).
31
Let x(b) = 14*b**2 + 15*b - 1. Calculate x(-1).
-2
Let j(p) = 3*p - 7. Determine j(2).
-1
Let d(k) = -k**3 - 10*k**2 - 15*k - 10. Give d(-7).
-52
Let x(a) = a**3 + 4*a**2 + 13*a + 163. Determine x(-6).
13
Let c(b) = -b**3 - 7*b**2 + 7*b - 10. Determine c(-8).
-2
Let x(w) = -w**3 - 13*w**2 + 69*w + 10. Determine x(-17).
-7
Let h(y) = 10*y**2 + 39*y - 6. Give h(-4).
-2
Let i(c) = 3*c**2 - 12*c + 5. Determine i(4).
5
Let r(m) = -4*m**2 - 59*m + 14. Determine r(-15).
-1
Let y(o) = o + 9. Give y(27).
36
Let t(q) = -10*q + 43. Give t(-11).
153
Let w(m) = m - 3. What is w(4)?
1
Let w(d) = d - 4. Calculate w(4).
0
Let w(i) = -8*i - 79. Calculate w(-11).
9
Let u(t) = -39*t**3 - t - 1. Calculate u(-1).
39
Let s(v) = 3*v**2 - 5*v - 8. Determine s(-3).
34
Let b(i) = 13*i + 9. What is b(-3)?
-30
Let p(k) = -6*k - 72. Calculate p(8).
-120
Let d(i) = -9*i - 3. Calculate d(1).
-12
Let i(u) = -147*u - 1758. Give i(-12).
6
Let m(q) = -q - 58. Give m(-11).
-47
Let w(x) = x**2 - 15*x + 31. Calculate w(4).
-13
Let p(u) = -25*u - 6. What is p(1)?
-31
Let i(b) = 18*b**2 - b - 2. What is i(1)?
15
Let w(g) = -g**3 + 7*g**2 + 9*g + 2. Determine w(8).
10
Let i(q) = -q**2 - 4*q + 114. Give i(9).
-3
Let w(n) = n**2 - 12*n + 3. Give w(9).
-24
Let w(s) = s**3 + 6*s**2 - 11*s - 5. Calculate w(-8).
-45
Let g(f) = f**2 + 36*f + 71. Determine g(-36).
71
Let t(d) = -4*d**3 - 2*d**2 + 6*d - 4. Calculate t(-3).
68
Let q(t) = t**3 + 2*t**2 - 4*t + 4. Calculate q(-5).
-51
Let f(r) = -r**3 - 3*r**2 + r - 3. Calculate f(-3).
-6
Let s(y) = -y**2 - 19*y + 9. Determine s(-22).
-57
Let h(c) = c**3 + c**2 + 5*c - 6. Determine h(-4).
-74
Let k(r) = 59*r**3 - 2*r**2 - r - 2. Give k(-1).
-62
Let k(h) = -6*h + 2. What is k(6)?
-34
Let s(p) = p**3 + 12*p**2 + 12*p + 15. Calculate s(-11).
4
Let f(r) = -7*r - 62. What is f(-7)?
-13
Let n(k) = 20*k - 20. Give n(1).
0
Let y(r) = r**3 + 4*r**2 - 7*r + 33. Determine y(-6).
3
Let o(i) = i**3 - 15*i**2 - 23*i + 39. Determine o(16).
-73
Let d(t) = -t**2 - 21*t + 13. Give d(-22).
-9
Let m(x) = x**2 + 19*x - 22. Calculate m(-20).
-2
Let j(b) = b**3 - 5*b**2 + 4*b - 2. What is j(4)?
-2
Let q(f) = -3*f**2 - 4*f. Calculate q(3).
-39
Let i(z) = -4*z - 52. Calculate i(-20).
28
Let h(l) = 3*l**2 - 4*l - 2. Give h(6).
82
Let p(t) = -t + 44. What is p(21)?
23
Let b(n) = 2*n**2 + 9*n - 10. Determine b(-6).
8
Let r(f) = 2*f - 2. What is r(13)?
24
Let j(f) = f**2 + 130*f + 381. Calculate j(-3).
0
